7. Calculate the remainder when 299 is divided by b(6).
14
Let t be (-48)/8 - (-8)/2. Suppose 0 = 2*k + 2*k - 24. Calculate the remainder when (10/(-10))/(t/44) is divided by k.
4
Let s(o) = -2*o**3 - 7*o**2 + 3*o + 6. What is the remainder when s(-6) is divided by 1 - (66/(-8))/((-12)/(-48))?
32
Let r(o) = 25*o**3 - 4*o + 2. Let t be r(2). Suppose 4*l + 4 = 0, 4*l - t = -4*n + n. Let w = 17 + 0. What is the remainder when n is divided by w?
15
Let v = -2581 + 3619. Calculate the remainder when v is divided by 104.
102
Suppose -31*y + 3*g + 88 = -29*y, y + 4*g = 22. What is the remainder when 302 is divided by y?
36
Let a(q) = -4*q + 160 - 4*q - 10*q + 22*q. Calculate the remainder when a(0) is divided by 27.
25
Suppose -5*m + 64 - 54 = 0. Suppose g = -4*v + 174, -45 = -v - 3*g + m*g. Calculate the remainder when 168 is divided by v.
39
Suppose 234 = 3*r + a - 4*a, 0 = -2*r + 3*a + 151. Let t = 15 - -91. Suppose 4*i = -4, -i + t + r = 5*k. Calculate the remainder when k is divided by 10.
8
Suppose 281 + 107 = 3*u + 5*j, 0 = 2*u - 5*j - 267. Calculate the remainder when u is divided by 27.
23
Suppose -3*t - 25 = -2*p, 2*p - 3*t + t - 20 = 0. Let z = 1207 + -1199. Suppose -p*s + z*s = 48. Calculate the remainder when 28 is divided by s.
12
Suppose -2*c - 53*p + 18 = -49*p, 5*c = p + 67. What is the remainder when c is divided by 2?
1
Let m(l) = 5*l**2 + l + 4. Suppose -64 = -5*y - 3*x + 38, -88 = -4*y - 4*x. What is the remainder when m(3) is divided by y?
16
Suppose 0 = 12*r - 372 + 24. Let o(f) = f**3 - 5*f**2 - 4*f + 4. Let l be o(5). Let u = l + r. What is the remainder when 38 is divided by u?
12
What is the remainder when 6*768/18 + 7 is divided by 55?
43
Suppose -12*t - 88 = -20*t. Calculate the remainder when 48 is divided by t.
4
Let y = -10 + 12. What is the remainder when 2 + 0 + (1 - (4 - 7)) is divided by y?
0
Suppose 7*i - 232 - 90 = 0. Calculate the remainder when i is divided by 33.
13
Let j(c) = c**3 - 2*c**2 - 1. Let s = 444 - 230. Calculate the remainder when s is divided by j(3).
6
Let u be 0 + 1 + -7 + 7 + 238. Suppose 0 = 5*h - 3*b - u - 2, h + 4*b - 62 = 0. Calculate the remainder when h is divided by 26.
24
What is the remainder when 126/12*(-28)/(-3) is divided by 17?
13
Suppose -11*k = -294 + 8. Calculate the remainder when 267 is divided by k.
7
Let k = 24 - 8. Calculate the remainder when 48/(-396)*-671*(10/(-8) + 2) is divided by k.
13
Suppose 0 = 8*o - 8 - 8. Suppose 2*l = 4*l - 4, -o*w - 5*l = -18. Suppose 4 = -w*d + 104. What is the remainder when d is divided by 14?
11
Suppose 3*w - 5*y - 150 = 0, -9*w + 10*w - 39 = -2*y. What is the remainder when w is divided by 19?
7
Let w(o) = -o**3 - 6*o**2 + 9*o + 4. Let z be w(-11). Suppose -7*y + z = -y. Calculate the remainder when y is divided by 29.
27
Let w(n) = -n - 31. Let a be w(8). Let f = a + 54. What is the remainder when f is divided by 9?
6
Let w(i) = 2*i**2 - 3*i - 2. Let l(y) = -y + 26. Calculate the remainder when l(14) is divided by w(3).
5
Let w = -45 - -48. Let u = 22 - 10. Calculate the remainder when (1 + (-3)/u)*8 is divided by w.
0
Let h = -215 + 222. What is the remainder when 30 is divided by h?
2
Suppose 6*m - 3*m + 3*p - 21 = 0, 0 = 3*m - 5*p - 21. Suppose r - 9 = -3*l, 3*l - 69 = -m*r + 2*r. Calculate the remainder when 86 is divided by r.
11
Suppose -2*r = -3*v - 106 + 30, 2*r - 68 = v. Suppose 0 = 4*o - 2*o + 5*x + 13, 4*o - 19 = -x. What is the remainder when r is divided by o?
2
Suppose -j - 48 = -4*j. Suppose -3*v - 43 + 11 = -5*y, 3*y = -2*v + 4. What is the remainder when 103 is divided by 78/v*j/(-12)?
25
Suppose 2*p + 30 = 5*k - 55, 0 = -k + 3*p + 17. Calculate the remainder when (-261)/12*(-664)/249 is divided by k.
7
Let v = -23 + 31. Calculate the remainder when (5 - v*-2) + (-2 - -3) is divided by 13.
9
Let l = 238 + -337. What is the remainder when 57 is divided by (-1507)/l + 4/(-18)?
12
Suppose 0*j = -3*j + 3, 7 = h + 3*j. Suppose -5*z - h*a = -3*a - 109, -z + 4*a = -5. What is the remainder when 62 is divided by z?
20
Let p = -545 - -301. Let o = -89 - p. Calculate the remainder when o is divided by 26.
25
Suppose 15*w - 11*w - 744 = -8*m, 5*w + 465 = 5*m. Calculate the remainder when m is divided by 17.
8
Calculate the remainder when 126 is divided by (-144)/(-6) + -13 + 0/(-1).
5
What is the remainder when 247 is divided by -6*(-8 + 153/(-18))?
49
Suppose 0 = 2*q + 4, -2*d + 4*d - 3*q = 182. Suppose -5*w + 92 = -d. Calculate the remainder when w is divided by 8.
4
Let p = 480 - 431. Calculate the remainder when p is divided by 13.
10
Suppose -7 = -3*t - 10. Let x = t + 14. Suppose 8*c - x*c + 510 = 0. What is the remainder when c is divided by 26?
24
Suppose 2*s + 33 = -s. Let l = s + 10. Calculate the remainder when ((-87)/(-3))/1 + l is divided by 10.
8
Suppose -10*q + 1197 = -143. Suppose y - 75 = 4*b, -2*y - 2*b = -6*b - q. Calculate the remainder when y is divided by 31.
28
Suppose 10 = -5*w, o + 2*w = 5*w + 8. Suppose -2*x = o*t - 6 - 14, 0 = 2*t + x - 15. What is the remainder when t is divided by 4/(-3)*(-3)/2?
1
Suppose g + 0*g = p + 27, -5*g + 3*p + 143 = 0. Let z be 3/(-1) + (-6)/(-1). Suppose 14 = r - z. What is the remainder when g is divided by r?
14
Let f(d) = -d**3 - 8*d**2 - 5*d - 1. Let b be -20*(-1 - 14/(-10)). Let y = 33 + -23. Calculate the remainder when f(b) is divided by y.
9
Let p = -10 + -9. Let r be 2/(-12) - p/6. Suppose -r*x + 0*h - 4*h = -123, 0 = -4*x + 4*h + 136. What is the remainder when x is divided by 13?
11
Let p(k) = k**3 + 16*k**2 + 39*k + 26. What is the remainder when p(-13) is divided by 2?
0
Let u(a) be the first derivative of 8*a**2 - 4*a + 1. What is the remainder when u(4) is divided by (-780)/(-48) + (-2)/8?
12
Suppose 4 + 1166 = 65*x. Calculate the remainder when 6/1*51/6 is divided by x.
15
Let y(z) = 3*z**2 + 2*z + 1. Let b be y(-1). Suppose -3*a + 63 = 3*v, 2*a - b*v = 3*a - 26. Calculate the remainder when 31 is divided by a.
15
Suppose 2*r - 8 + 14 = 0. Let b(s) = 4*s**2 + 8*s + 3. What is the remainder when b(r) is divided by 10?
5
Suppose -33*t = -37*t - 96. Let o = t + 27. Suppose -5*r = -o*v + 70 + 100, -3*v = 3*r - 186. Calculate the remainder when v is divided by 16.
12
Let w be 10/45 - 34/(-9). Suppose -34 = -w*p + 2. Calculate the remainder when p is divided by 4.
1
Suppose 6369*y = 6338*y + 93. Suppose 0 = -3*d - 5*i + 6, 0 = 3*d + 2*d - 3*i - 44. Calculate the remainder when d is divided by y.
1
Let c = 60 + -53. Calculate the remainder when 24 is divided by c.
3
Suppose 2*z - 21 = -z. Let n(o) = o**2 + o + 5. Let p be n(-7). Suppose d - 10 = -4*m + 94, m = 5*d + p. What is the remainder when m is divided by z?
6
Let b(d) = 2*d**2 + 5*d + 12. Let i be b(-7). Suppose 6*h - 39 = i. Calculate the remainder when h is divided by 8.
3
Let s be 4/(-26) + (-486)/(-117). Suppose -s = -d + 11. What is the remainder when 27 is divided by d?
12
Let d be 9/(-6)*434/21. Let m = -6 - d. What is the remainder when 99 is divided by m?
24
Let k(s) = 8*s**2 - 2*s - 6. Calculate the remainder when k(-5) is divided by 13.
9
Suppose -455 = -347*a + 334*a. What is the remainder when 340 is divided by a?
25
Suppose -2*x + 60 = 3*x - 5*z, -2*x - z + 27 = 0. Let p(j) = -j**2 + 9*j - 10. Let i be p(7). Let m = 0 + i. Calculate the remainder when x is divided by m.
1
Suppose -x + 2*g - 220 = -276, 4*x + 4*g = 248. Let k = 33 - 12. What is the remainder when x is divided by k?
18
Suppose g = 652 + 203. Calculate the remainder when g is divided by 21.
15
Let v = 4 + 16. Suppose 1 = -m + 4. Calculate the remainder when 765/13 + m/((-195)/(-10)) is divided by v.
19
Let a = 157 + -67. Suppose 0 = c - 3*c + a. Let s = 64 - c. What is the remainder when 54 is divided by s?
16
Calculate the remainder when 136 is divided by (1 + 20/4)/(15/35).
10
Let p(x) = 3*x - 2. What is the remainder when 128 is divided by p(4)?
8
Let v = 388 - 363. Calculate the remainder when 97 is divided by v.
22
Let q(o) = 26*o**3 + 2*o**2 + o - 2. Let b be q(2). Suppose -w - 93 = -3*j, -5*j + 3*w = 65 - b. Calculate the remainder when j is divided by 17.
15
Let m = -60 - -63. Calculate the remainder when 108 is divided by 3 + (5 - m - -19) - 2.
20
Let w be 8/2 - (6 + -17). What is the remainder when (18/(-20) - 3/5)*-12